{"id":255,"date":"2025-04-11T16:45:10","date_gmt":"2025-04-11T14:45:10","guid":{"rendered":"http:\/\/harukay.com\/?page_id=255"},"modified":"2025-12-27T15:20:11","modified_gmt":"2025-12-27T14:20:11","slug":"fabricacion-de-calcetines","status":"publish","type":"page","link":"https:\/\/harukay.com\/?page_id=255","title":{"rendered":"Fabricaci\u00f3n de Calcetines"},"content":{"rendered":"\n\n  <div class=\"banner has-hover hide-for-small\" id=\"banner-247333862\">\n          <div class=\"banner-inner fill\">\n        <div class=\"banner-bg fill\" >\n            <div class=\"bg fill bg-fill \"><\/div>\n                        <div class=\"overlay\"><\/div>            \n                    <\/div>\n        <div class=\"banner-layers container\">\n            <div class=\"fill banner-link\"><\/div>            \n\n   <div id=\"text-box-1288741177\" class=\"text-box banner-layer x5 md-x5 lg-x5 y50 md-y50 lg-y50 res-text\">\n                                <div class=\"text dark\">\n              \n              <div class=\"text-inner text-left\">\n                  \n\n<h1 class=\"uppercase\"><span style=\"font-size: 160%;\" data-line-height=\"xs\"><strong>Harukay<\/strong><\/span><\/h1>\n<h3 data-line-height=\"xs\">Arte de precision en la costura<\/h3>\n<p><span style=\"font-size: 120%;\" data-line-height=\"xs\">Si buscas llevar la personalizaci\u00f3n textil a otro nivel<\/span><\/p>\n<a href=\"http:\/\/harukay.com\/contacto\/\" target=\"_self\" class=\"button secondary lowercase\"  >\n    <span>Cont\u00e1ctanos Hoy!<\/span>\n  <\/a>\n\n\n\n              <\/div>\n           <\/div>\n                            \n<style scope=\"scope\">\n\n#text-box-1288741177 {\n  width: 60%;\n}\n#text-box-1288741177 .text {\n  font-size: 100%;\n}\n<\/style>\n    <\/div>\n \n\n        <\/div>\n      <\/div>\n\n            \n<style scope=\"scope\">\n\n#banner-247333862 {\n  padding-top: 500px;\n}\n#banner-247333862 .bg.bg-loaded {\n  background-image: url(https:\/\/harukay.com\/wp-content\/uploads\/2025\/05\/cALCE.webp);\n}\n#banner-247333862 .overlay {\n  background-color: rgba(0, 0, 0, 0.67);\n}\n#banner-247333862 .bg {\n  background-position: 0% 68%;\n}\n<\/style>\n  <\/div>\n\n\n\n  <div class=\"banner has-hover show-for-small\" id=\"banner-146590421\">\n          <div class=\"banner-inner fill\">\n        <div class=\"banner-bg fill\" >\n            <div class=\"bg fill bg-fill \"><\/div>\n                        <div class=\"overlay\"><\/div>            \n                    <\/div>\n        <div class=\"banner-layers container\">\n            <div class=\"fill banner-link\"><\/div>            \n\n   <div id=\"text-box-1176420636\" class=\"text-box banner-layer x5 md-x5 lg-x5 y50 md-y50 lg-y50 res-text\">\n                                <div class=\"text dark\">\n              \n              <div class=\"text-inner text-left\">\n                  \n\n<h1 class=\"uppercase\"><span style=\"font-size: 160%;\" data-line-height=\"xs\"><strong>Harukay<\/strong><\/span><\/h1>\n<h3 data-line-height=\"xs\">Arte de precision en la costura<\/h3>\n<p><span style=\"font-size: 150%;\" data-line-height=\"xs\">Si buscas llevar la personalizaci\u00f3n textil a otro nivel<\/span><\/p>\n<a class=\"button secondary is-larger lowercase\"  >\n    <span>Cont\u00e1ctanos Hoy!<\/span>\n  <\/a>\n\n\n\n              <\/div>\n           <\/div>\n                            \n<style scope=\"scope\">\n\n#text-box-1176420636 {\n  width: 95%;\n}\n#text-box-1176420636 .text {\n  font-size: 100%;\n}\n\n\n@media (min-width:550px) {\n\n  #text-box-1176420636 {\n    width: 60%;\n  }\n\n}\n<\/style>\n    <\/div>\n \n\n        <\/div>\n      <\/div>\n\n            \n<style scope=\"scope\">\n\n#banner-146590421 {\n  padding-top: 500px;\n}\n#banner-146590421 .bg.bg-loaded {\n  background-image: url(https:\/\/harukay.com\/wp-content\/uploads\/2025\/04\/DSC7341_11zon-1024x576.webp);\n}\n#banner-146590421 .overlay {\n  background-color: rgba(0, 0, 0, 0.67);\n}\n<\/style>\n  <\/div>\n\n\n\t<section class=\"section\" id=\"section_1278189662\">\n\t\t<div class=\"bg section-bg fill bg-fill  bg-loaded\" >\n\n\t\t\t\n\t\t\t\n\t\t\t\n\n\t\t<\/div>\n\n\t\t<div class=\"section-content relative\">\n\t\t\t\n\n<div class=\"row align-center\"  id=\"row-2110074915\">\n\n\n\t<div class=\"col medium-10 small-12 large-10\"  >\n\t\t<div class=\"col-inner\"  >\n\t\t\t\n\t\t\t\n\n<h1 style=\"text-align: center;\"><span style=\"font-size: 160%;\" data-line-height=\"m\"><strong data-start=\"1413\" data-end=\"1465\">Producimos innovaci\u00f3n para que tu negocio crezca<\/strong>.<\/span><\/h1>\n<p style=\"text-align: center;\"><span style=\"font-size: 120%;\">Desde nuestra planta de fabricaci\u00f3n, distribuimos nuestras m\u00e1quinas a talleres y empresas que buscan <span data-text-color=\"secondary\" data-line-height=\"m\"><strong data-start=\"1322\" data-end=\"1405\">optimizar su producci\u00f3n textil, mejorar la calidad y reducir tiempos operativos<\/strong>.<\/span><\/span><\/p>\n\n\t\t<\/div>\n\t<\/div>\n\n\t\n\n\n<style scope=\"scope\">\n\n<\/style>\n<\/div>\n<div class=\"row\"  id=\"row-967949069\">\n\n\n\t<div class=\"col medium-3 small-6 large-3\"  >\n\t\t<div class=\"col-inner\"  >\n\t\t\t\n\t\t\t\n\n\t<div class=\"box has-hover   has-hover box-text-bottom\" >\n\n\t\t<div class=\"box-image\" >\n\t\t\t<a href=\"http:\/\/harukay.com\/hksbm4s-hk\/\"  >\t\t\t<div class=\"\" >\n\t\t\t\t<img loading=\"lazy\" decoding=\"async\" width=\"1772\" height=\"1772\" src=\"https:\/\/harukay.com\/wp-content\/uploads\/2025\/04\/HKSBBM4S-HK.webp\" class=\"attachment- size-\" alt=\"\" srcset=\"https:\/\/harukay.com\/wp-content\/uploads\/2025\/04\/HKSBBM4S-HK.webp 1772w, https:\/\/harukay.com\/wp-content\/uploads\/2025\/04\/HKSBBM4S-HK-300x300.webp 300w, https:\/\/harukay.com\/wp-content\/uploads\/2025\/04\/HKSBBM4S-HK-1024x1024.webp 1024w, https:\/\/harukay.com\/wp-content\/uploads\/2025\/04\/HKSBBM4S-HK-150x150.webp 150w, https:\/\/harukay.com\/wp-content\/uploads\/2025\/04\/HKSBBM4S-HK-768x768.webp 768w, https:\/\/harukay.com\/wp-content\/uploads\/2025\/04\/HKSBBM4S-HK-1536x1536.webp 1536w\" sizes=\"auto, (max-width: 1772px) 100vw, 1772px\" \/>\t\t\t\t\t\t\t\t\t\t\t<\/div>\n\t\t\t<\/a>\t\t<\/div>\n\n\t\t<div class=\"box-text text-center\" >\n\t\t\t<div class=\"box-text-inner\">\n\t\t\t\t\n\n<div class=\"row\"  id=\"row-531948350\">\n\n\n\t<div class=\"col small-12 large-12\"  >\n\t\t<div class=\"col-inner text-left\"  >\n\t\t\t\n\t\t\t\n\n<p style=\"text-align: left;\" data-line-height=\"s\">HARUKAY<\/p>\n<h2 style=\"text-align: left;\" data-line-height=\"s\">HKSBM4S-HK<\/h2>\n<p style=\"text-align: left;\"><span data-text-color=\"primary\">Plancha Hormadora<\/span><\/p>\n<a href=\"http:\/\/harukay.com\/hksbm4s-hk\/\" target=\"_self\" class=\"button primary lowercase\"  >\n    <span>Descubrela<\/span>\n  <\/a>\n\n\n\n\t\t<\/div>\n\t<\/div>\n\n\t\n\n<\/div>\n\n\t\t\t<\/div>\n\t\t<\/div>\n\t<\/div>\n\t\n\n\t\t<\/div>\n\t<\/div>\n\n\t\n\n\t<div class=\"col medium-3 small-6 large-3\"  >\n\t\t<div class=\"col-inner\"  >\n\t\t\t\n\t\t\t\n\n\t<div class=\"box has-hover   has-hover box-text-bottom\" >\n\n\t\t<div class=\"box-image\" >\n\t\t\t<a href=\"http:\/\/harukay.com\/hk-toelink-2\/\"  >\t\t\t<div class=\"\" >\n\t\t\t\t<img loading=\"lazy\" decoding=\"async\" width=\"1772\" height=\"1772\" src=\"https:\/\/harukay.com\/wp-content\/uploads\/2025\/04\/HK-TOELINK.webp\" class=\"attachment- size-\" alt=\"\" srcset=\"https:\/\/harukay.com\/wp-content\/uploads\/2025\/04\/HK-TOELINK.webp 1772w, https:\/\/harukay.com\/wp-content\/uploads\/2025\/04\/HK-TOELINK-300x300.webp 300w, https:\/\/harukay.com\/wp-content\/uploads\/2025\/04\/HK-TOELINK-1024x1024.webp 1024w, https:\/\/harukay.com\/wp-content\/uploads\/2025\/04\/HK-TOELINK-150x150.webp 150w, https:\/\/harukay.com\/wp-content\/uploads\/2025\/04\/HK-TOELINK-768x768.webp 768w, https:\/\/harukay.com\/wp-content\/uploads\/2025\/04\/HK-TOELINK-1536x1536.webp 1536w\" sizes=\"auto, (max-width: 1772px) 100vw, 1772px\" \/>\t\t\t\t\t\t\t\t\t\t\t<\/div>\n\t\t\t<\/a>\t\t<\/div>\n\n\t\t<div class=\"box-text text-center\" >\n\t\t\t<div class=\"box-text-inner\">\n\t\t\t\t\n\n<div class=\"row\"  id=\"row-1283115900\">\n\n\n\t<div class=\"col small-12 large-12\"  >\n\t\t<div class=\"col-inner text-left\"  >\n\t\t\t\n\t\t\t\n\n<p data-line-height=\"s\">HARUKAY<\/p>\n<h2 data-line-height=\"s\">HK-TOELINK<\/h2>\n<p><span data-text-color=\"primary\">Cerrradora<\/span><\/p>\n<a href=\"http:\/\/harukay.com\/hk-toelink-2\/\" target=\"_self\" class=\"button primary lowercase\"  >\n    <span>Descubrela<\/span>\n  <\/a>\n\n\n\n\t\t<\/div>\n\t<\/div>\n\n\t\n\n<\/div>\n\n\t\t\t<\/div>\n\t\t<\/div>\n\t<\/div>\n\t\n\n\t\t<\/div>\n\t<\/div>\n\n\t\n\n\t<div class=\"col medium-3 small-6 large-3\"  >\n\t\t<div class=\"col-inner\"  >\n\t\t\t\n\t\t\t\n\n\t<div class=\"box has-hover   has-hover box-text-bottom\" >\n\n\t\t<div class=\"box-image\" >\n\t\t\t<a href=\"http:\/\/harukay.com\/hk-skcomp\/\"  >\t\t\t<div class=\"\" >\n\t\t\t\t<img loading=\"lazy\" decoding=\"async\" width=\"1772\" height=\"1772\" src=\"https:\/\/harukay.com\/wp-content\/uploads\/2025\/04\/HK-SKCOMP.webp\" class=\"attachment- size-\" alt=\"\" srcset=\"https:\/\/harukay.com\/wp-content\/uploads\/2025\/04\/HK-SKCOMP.webp 1772w, https:\/\/harukay.com\/wp-content\/uploads\/2025\/04\/HK-SKCOMP-300x300.webp 300w, https:\/\/harukay.com\/wp-content\/uploads\/2025\/04\/HK-SKCOMP-1024x1024.webp 1024w, https:\/\/harukay.com\/wp-content\/uploads\/2025\/04\/HK-SKCOMP-150x150.webp 150w, https:\/\/harukay.com\/wp-content\/uploads\/2025\/04\/HK-SKCOMP-768x768.webp 768w, https:\/\/harukay.com\/wp-content\/uploads\/2025\/04\/HK-SKCOMP-1536x1536.webp 1536w\" sizes=\"auto, (max-width: 1772px) 100vw, 1772px\" \/>\t\t\t\t\t\t\t\t\t\t\t<\/div>\n\t\t\t<\/a>\t\t<\/div>\n\n\t\t<div class=\"box-text text-center\" >\n\t\t\t<div class=\"box-text-inner\">\n\t\t\t\t\n\n<div class=\"row\"  id=\"row-155281290\">\n\n\n\t<div class=\"col small-12 large-12\"  >\n\t\t<div class=\"col-inner text-left\"  >\n\t\t\t\n\t\t\t\n\n<p data-line-height=\"s\">HARUKAY<\/p>\n<h2 data-line-height=\"s\">HK-SKCOMP<\/h2>\n<p><span data-text-color=\"primary\">Tejedora Computarizada<\/span><\/p>\n<a href=\"http:\/\/harukay.com\/hk-skcomp\/\" target=\"_self\" class=\"button primary lowercase\"  >\n    <span>Descubrela<\/span>\n  <\/a>\n\n\n\n\t\t<\/div>\n\t<\/div>\n\n\t\n\n<\/div>\n\n\t\t\t<\/div>\n\t\t<\/div>\n\t<\/div>\n\t\n\n\t\t<\/div>\n\t<\/div>\n\n\t\n\n\t<div class=\"col medium-3 small-6 large-3\"  >\n\t\t<div class=\"col-inner\"  >\n\t\t\t\n\t\t\t\n\n\t<div class=\"box has-hover   has-hover box-text-bottom\" >\n\n\t\t<div class=\"box-image\" >\n\t\t\t<a href=\"http:\/\/harukay.com\/hk-skauth\/\"  >\t\t\t<div class=\"\" >\n\t\t\t\t<img loading=\"lazy\" decoding=\"async\" width=\"1536\" height=\"1536\" src=\"https:\/\/harukay.com\/wp-content\/uploads\/2025\/05\/HK-SKAUTH-1536x1536-2.webp\" class=\"attachment- size-\" alt=\"\" srcset=\"https:\/\/harukay.com\/wp-content\/uploads\/2025\/05\/HK-SKAUTH-1536x1536-2.webp 1536w, https:\/\/harukay.com\/wp-content\/uploads\/2025\/05\/HK-SKAUTH-1536x1536-2-300x300.webp 300w, https:\/\/harukay.com\/wp-content\/uploads\/2025\/05\/HK-SKAUTH-1536x1536-2-1024x1024.webp 1024w, https:\/\/harukay.com\/wp-content\/uploads\/2025\/05\/HK-SKAUTH-1536x1536-2-150x150.webp 150w, https:\/\/harukay.com\/wp-content\/uploads\/2025\/05\/HK-SKAUTH-1536x1536-2-768x768.webp 768w\" sizes=\"auto, (max-width: 1536px) 100vw, 1536px\" \/>\t\t\t\t\t\t\t\t\t\t\t<\/div>\n\t\t\t<\/a>\t\t<\/div>\n\n\t\t<div class=\"box-text text-center\" >\n\t\t\t<div class=\"box-text-inner\">\n\t\t\t\t\n\n<div class=\"row\"  id=\"row-1489617700\">\n\n\n\t<div class=\"col small-12 large-12\"  >\n\t\t<div class=\"col-inner text-left\"  >\n\t\t\t\n\t\t\t\n\n<p data-line-height=\"s\">HARUKAY<\/p>\n<h2 data-line-height=\"s\">HK-SKAUTH<\/h2>\n<p><span data-text-color=\"primary\">Tejedora Autom\u00e1tica<\/span><\/p>\n<a href=\"http:\/\/harukay.com\/hk-skauth\/\" target=\"_self\" class=\"button primary lowercase\"  >\n    <span>Descubrela<\/span>\n  <\/a>\n\n\n\n\t\t<\/div>\n\t<\/div>\n\n\t\n\n<\/div>\n\n\t\t\t<\/div>\n\t\t<\/div>\n\t<\/div>\n\t\n\n\t\t<\/div>\n\t<\/div>\n\n\t\n\n<\/div>\n\n\t\t<\/div>\n\n\t\t\n<style scope=\"scope\">\n\n#section_1278189662 {\n  padding-top: 93px;\n  padding-bottom: 93px;\n}\n<\/style>\n\t<\/section>\n\t\n\t<section class=\"section\" id=\"section_1845721285\">\n\t\t<div class=\"bg section-bg fill bg-fill  bg-loaded\" >\n\n\t\t\t\n\t\t\t\n\t\t\t\n\n\t\t<\/div>\n\n\t\t<div class=\"section-content relative\">\n\t\t\t\n\n<div class=\"row align-center\"  id=\"row-148904189\">\n\n\n\t<div class=\"col medium-5 small-12 large-5\"  >\n\t\t<div class=\"col-inner\" style=\"padding:20px 20px 20px 20px;\" >\n\t\t\t\n\t\t\t\n\n<h1><span style=\"font-size: 140%;\" data-line-height=\"s\">Con\u00e9ctate con la Innovaci\u00f3n Textil<\/span><\/h1>\n<p class=\"\" data-start=\"243\" data-end=\"465\">En <strong data-start=\"246\" data-end=\"257\">Harukay<\/strong>, no solo fabricamos m\u00e1quinas electr\u00f3nicas de tejido, <strong data-start=\"311\" data-end=\"364\">dise\u00f1amos soluciones para potenciar tu producci\u00f3n<\/strong>. Nuestro equipo est\u00e1 listo para asesorarte en la selecci\u00f3n de la mejor tecnolog\u00eda para tu negocio.<\/p>\n<p class=\"\" data-start=\"467\" data-end=\"632\"><strong data-start=\"470\" data-end=\"545\">Desde nuestra f\u00e1brica hasta tu taller, llevamos innovaci\u00f3n sin l\u00edmites con <\/strong><strong data-start=\"551\" data-end=\"630\">Atenci\u00f3n r\u00e1pida, soporte t\u00e9cnico y env\u00edos a nivel nacional e internacional.<\/strong><\/p>\n\t<div id=\"gap-218413506\" class=\"gap-element clearfix\" style=\"display:block; height:auto;\">\n\t\t\n<style scope=\"scope\">\n\n#gap-218413506 {\n  padding-top: 20px;\n}\n<\/style>\n\t<\/div>\n\t\n\n\n\t\t<div class=\"icon-box featured-box icon-box-left text-left\"  >\n\t\t\t\t\t<div class=\"icon-box-img\" style=\"width: 33px\">\n\t\t\t\t<div class=\"icon\">\n\t\t\t\t\t<div class=\"icon-inner\" >\n\t\t\t\t\t\t<img loading=\"lazy\" decoding=\"async\" width=\"300\" height=\"300\" src=\"https:\/\/harukay.com\/wp-content\/uploads\/2025\/04\/correo-electronico-300x300.png\" class=\"attachment-medium size-medium\" alt=\"\" srcset=\"https:\/\/harukay.com\/wp-content\/uploads\/2025\/04\/correo-electronico-300x300.png 300w, https:\/\/harukay.com\/wp-content\/uploads\/2025\/04\/correo-electronico-150x150.png 150w, https:\/\/harukay.com\/wp-content\/uploads\/2025\/04\/correo-electronico.png 512w\" sizes=\"auto, (max-width: 300px) 100vw, 300px\" \/>\t\t\t\t\t<\/div>\n\t\t\t\t<\/div>\n\t\t\t<\/div>\n\t\t\t\t<div class=\"icon-box-text last-reset\">\n\t\t\t\t\t\t\t\t\t\n\n<h3 data-line-height=\"xs\">contact@harukay.com<\/h3>\n<p data-line-height=\"xs\">Correo Electr\u00f3nico<\/p>\n\n\t\t<\/div>\n\t<\/div>\n\t\n\t\n\n\t\t<\/div>\n\t<\/div>\n\n\t\n\n\t<div class=\"col medium-4 small-12 large-4\"  >\n\t\t<div class=\"col-inner\"  >\n\t\t\t\n\t\t\t\n\n<p data-line-height=\"m\"><span style=\"font-size: 140%;\">Completa el formulario y perm\u00edtenos ayudarte a transformar tu proceso textil con<span data-text-color=\"primary\"><strong> la precisi\u00f3n y eficiencia de Harukay.<\/strong><\/span><\/span><\/p>\n<div class=\"row\"  id=\"row-374329955\">\n\n\n\t<div class=\"col small-12 large-12\"  >\n\t\t<div class=\"col-inner\" style=\"background-color:#97b9d4;padding:30px 20px 20px 30px;\" >\n\t\t\t\n\t\t\t\n\n\n<div class=\"wpcf7 no-js\" id=\"wpcf7-f101-o1\" lang=\"es-ES\" dir=\"ltr\" data-wpcf7-id=\"101\">\n<div class=\"screen-reader-response\"><p role=\"status\" aria-live=\"polite\" aria-atomic=\"true\"><\/p> <ul><\/ul><\/div>\n<form action=\"\/index.php?rest_route=%2Fwp%2Fv2%2Fpages%2F255#wpcf7-f101-o1\" method=\"post\" class=\"wpcf7-form init\" aria-label=\"Formulario de contacto\" novalidate=\"novalidate\" data-status=\"init\">\n<fieldset class=\"hidden-fields-container\"><input type=\"hidden\" name=\"_wpcf7\" value=\"101\" \/><input type=\"hidden\" name=\"_wpcf7_version\" value=\"6.1.4\" \/><input type=\"hidden\" name=\"_wpcf7_locale\" value=\"es_ES\" \/><input type=\"hidden\" name=\"_wpcf7_unit_tag\" value=\"wpcf7-f101-o1\" \/><input type=\"hidden\" name=\"_wpcf7_container_post\" value=\"0\" \/><input type=\"hidden\" name=\"_wpcf7_posted_data_hash\" value=\"\" \/><input type=\"hidden\" name=\"_wpcf7_recaptcha_response\" value=\"\" \/>\n<\/fieldset>\n<div class=\"harukay-contact-form\">\n\t<div class=\"contact-columns\">\n\t\t<p><span class=\"wpcf7-form-control-wrap\" data-name=\"primer-nombre\"><input size=\"40\" maxlength=\"400\" class=\"wpcf7-form-control wpcf7-text wpcf7-validates-as-required\" aria-required=\"true\" aria-invalid=\"false\" placeholder=\"Primer Nombre\" value=\"\" type=\"text\" name=\"primer-nombre\" \/><\/span>\n\t\t<\/p>\n\t\t<p><span class=\"wpcf7-form-control-wrap\" data-name=\"primer-apellido\"><input size=\"40\" maxlength=\"400\" class=\"wpcf7-form-control wpcf7-text wpcf7-validates-as-required\" aria-required=\"true\" aria-invalid=\"false\" placeholder=\"Primer Apellido\" value=\"\" type=\"text\" name=\"primer-apellido\" \/><\/span>\n\t\t<\/p>\n\t<\/div>\n\t<div class=\"contact-columns\">\n\t\t<p><span class=\"wpcf7-form-control-wrap\" data-name=\"email\"><input size=\"40\" maxlength=\"400\" class=\"wpcf7-form-control wpcf7-email wpcf7-validates-as-required wpcf7-text wpcf7-validates-as-email\" aria-required=\"true\" aria-invalid=\"false\" placeholder=\"Email\" value=\"\" type=\"email\" name=\"email\" \/><\/span>\n\t\t<\/p>\n\t\t<p><span class=\"wpcf7-form-control-wrap\" data-name=\"celular\"><input size=\"40\" maxlength=\"400\" class=\"wpcf7-form-control wpcf7-tel wpcf7-validates-as-required wpcf7-text wpcf7-validates-as-tel\" aria-required=\"true\" aria-invalid=\"false\" placeholder=\"N\u00famero de Celular\" value=\"\" type=\"tel\" name=\"celular\" \/><\/span>\n\t\t<\/p>\n\t<\/div>\n\t<div class=\"contact-columns\">\n\t\t<p><span class=\"wpcf7-form-control-wrap\" data-name=\"ciudad\"><input size=\"40\" maxlength=\"400\" class=\"wpcf7-form-control wpcf7-text\" aria-invalid=\"false\" placeholder=\"Ciudad\" value=\"\" type=\"text\" name=\"ciudad\" \/><\/span>\n\t\t<\/p>\n\t\t<p><span class=\"wpcf7-form-control-wrap\" data-name=\"empresa\"><input size=\"40\" maxlength=\"400\" class=\"wpcf7-form-control wpcf7-text\" aria-invalid=\"false\" placeholder=\"Empresa\" value=\"\" type=\"text\" name=\"empresa\" \/><\/span>\n\t\t<\/p>\n\t<\/div>\n\t<p><span class=\"wpcf7-form-control-wrap\" data-name=\"mensaje\"><textarea cols=\"40\" rows=\"10\" maxlength=\"2000\" class=\"wpcf7-form-control wpcf7-textarea wpcf7-validates-as-required\" aria-required=\"true\" aria-invalid=\"false\" placeholder=\"Mensaje\" name=\"mensaje\"><\/textarea><\/span>\n\t<\/p>\n\t<p><span class=\"wpcf7-form-control-wrap\" data-name=\"accept-this-3\"><span class=\"wpcf7-form-control wpcf7-acceptance invert\"><span class=\"wpcf7-list-item\"><label><input type=\"checkbox\" name=\"accept-this-3\" value=\"1\" checked=\"checked\" aria-invalid=\"false\" \/><span class=\"wpcf7-list-item-label\">Acepto T\u00e9rminos y Condiciones<\/span><\/label><\/span><\/span><\/span>\n\t<\/p>\n<span class=\"wpcf7-form-control-wrap recaptcha\" data-name=\"recaptcha\"><span data-sitekey=\"6LdQrhIrAAAAACKuWwS072OraZtuTSlA_GNJceAd\" class=\"wpcf7-form-control wpcf7-recaptcha g-recaptcha\"><\/span>\r\n<noscript>\r\n\t<div class=\"grecaptcha-noscript\">\r\n\t\t<iframe loading=\"lazy\" src=\"https:\/\/www.google.com\/recaptcha\/api\/fallback?k=6LdQrhIrAAAAACKuWwS072OraZtuTSlA_GNJceAd\" frameborder=\"0\" scrolling=\"no\" width=\"310\" height=\"430\">\r\n\t\t<\/iframe>\r\n\t\t<textarea name=\"g-recaptcha-response\" rows=\"3\" cols=\"40\" placeholder=\"Aqu\u00ed la respuesta de reCAPTCHA\">\r\n\t\t<\/textarea>\r\n\t<\/div>\r\n<\/noscript>\r\n<\/span>\n\t<p>-\n\t<\/p>\n\t<p><input class=\"wpcf7-form-control wpcf7-submit has-spinner\" type=\"submit\" value=\"Enviar Mensaje\" \/>\n\t<\/p>\n<\/div><p style=\"display: none !important;\" class=\"akismet-fields-container\" data-prefix=\"_wpcf7_ak_\"><label>&#916;<textarea name=\"_wpcf7_ak_hp_textarea\" cols=\"45\" rows=\"8\" maxlength=\"100\"><\/textarea><\/label><input type=\"hidden\" id=\"ak_js_1\" name=\"_wpcf7_ak_js\" value=\"191\"\/><script>document.getElementById( \"ak_js_1\" ).setAttribute( \"value\", ( new Date() ).getTime() );<\/script><\/p><div class=\"wpcf7-response-output\" aria-hidden=\"true\"><\/div>\n<\/form>\n<\/div>\n\n\n\n\t\t<\/div>\n\t<\/div>\n\n\t\n\n<\/div>\n\n\t\t<\/div>\n\t<\/div>\n\n\t\n\n\n<style scope=\"scope\">\n\n<\/style>\n<\/div>\n\n\t\t<\/div>\n\n\t\t\n<style scope=\"scope\">\n\n#section_1845721285 {\n  padding-top: 90px;\n  padding-bottom: 90px;\n  background-color: rgb(234, 234, 234);\n}\n<\/style>\n\t<\/section>\n\t\n\n\n","protected":false},"excerpt":{"rendered":"","protected":false},"author":2,"featured_media":0,"parent":0,"menu_order":0,"comment_status":"closed","ping_status":"closed","template":"page-blank.php","meta":{"footnotes":""},"class_list":["post-255","page","type-page","status-publish","hentry"],"_links":{"self":[{"href":"https:\/\/harukay.com\/index.php?rest_route=\/wp\/v2\/pages\/255","targetHints":{"allow":["GET"]}}],"collection":[{"href":"https:\/\/harukay.com\/index.php?rest_route=\/wp\/v2\/pages"}],"about":[{"href":"https:\/\/harukay.com\/index.php?rest_route=\/wp\/v2\/types\/page"}],"author":[{"embeddable":true,"href":"https:\/\/harukay.com\/index.php?rest_route=\/wp\/v2\/users\/2"}],"replies":[{"embeddable":true,"href":"https:\/\/harukay.com\/index.php?rest_route=%2Fwp%2Fv2%2Fcomments&post=255"}],"version-history":[{"count":27,"href":"https:\/\/harukay.com\/index.php?rest_route=\/wp\/v2\/pages\/255\/revisions"}],"predecessor-version":[{"id":533,"href":"https:\/\/harukay.com\/index.php?rest_route=\/wp\/v2\/pages\/255\/revisions\/533"}],"wp:attachment":[{"href":"https:\/\/harukay.com\/index.php?rest_route=%2Fwp%2Fv2%2Fmedia&parent=255"}],"curies":[{"name":"wp","href":"https:\/\/api.w.org\/{rel}","templated":true}]}}